 y(t) = -t**3 + 11*t**2 - 47*t + 338. Give y(10).
-32
Let y(l) = l**3 - 4*l**2 - 31*l + 71. Determine y(7).
1
Let i(a) = a**3 + 35*a**2 - 38*a - 20. Calculate i(-36).
52
Let h(p) = p**2 + 43*p + 417. Determine h(-28).
-3
Let g(y) = y**2 + 23*y - 101. Calculate g(0).
-101
Let k(c) = -256*c - 1092. What is k(-5)?
188
Let a(o) = -26*o**2 + 961*o - 962. Give a(1).
-27
Let m(x) = -x**2 + 15*x + 455. What is m(-15)?
5
Let t(h) = 1016*h - 9142. Determine t(9).
2
Let f(o) = -690*o - 5599. Determine f(-8).
-79
Let c(u) = -10*u - 297. What is c(-30)?
3
Let q(z) = 174*z - 1886. Determine q(11).
28
Let p(z) = -3*z**2 + 29*z + 75. Give p(6).
141
Let v(p) = 4*p**2 - 101*p + 317. What is v(23)?
110
Let p(u) = -8*u**2 - 226*u - 57. Calculate p(-28).
-1
Let n(t) = 2929*t - 17567. Give n(6).
7
Let d(c) = 9*c**3 - 25*c**2 - 12*c + 16. What is d(3)?
-2
Let o(q) = 2*q**3 + 28*q**2 + 12*q + 4. Calculate o(-14).
-164
Let v(c) = -51*c**3 - 3*c**2 + 37*c + 79. What is v(-2)?
401
Let t(n) = -17*n - 113. What is t(12)?
-317
Let i(u) = -3*u**2 - 2*u + 61. Give i(-12).
-347
Let s(f) = -6*f - 64. Calculate s(9).
-118
Let o(i) = -15*i + 337. What is o(21)?
22
Let w(t) = 5*t + 335. Determine w(-21).
230
Let h(m) = -47*m**2 - 2*m - 7. Calculate h(-2).
-191
Let q(a) = a**3 - 21*a**2 + 36*a + 27. Determine q(19).
-11
Let x(h) = 66*h + 984. Give x(-15).
-6
Let c(d) = -4*d**3 - 32*d**2 + d - 4. Calculate c(-8).
-12
Let i(u) = -85*u - 1286. Give i(-15).
-11
Let g(p) = -474*p + 1457. Give g(3).
35
Let v(f) = f**2 - 89*f + 1806. Determine v(32).
-18
Let n(x) = x**3 + 4*x**2 + 10*x + 133. Give n(-6).
1
Let f(t) = -2656*t - 79692. Give f(-30).
-12
Let n(l) = -l**3 + 88*l**2 + 661*l - 24. Determine n(-7).
4
Let k(s) = s**2 - 9*s - 1372. What is k(43)?
90
Let d(j) = 2*j**2 - 351*j - 5081. Calculate d(-14).
225
Let m(v) = -v**3 - 54*v**2 - 58*v - 162. Determine m(-53).
103
Let t(o) = 16*o**3 - 130*o**2 + 24*o - 47. What is t(8)?
17
Let w(n) = 65*n - 957. Determine w(15).
18
Let z(f) = f**3 - 189*f**2 + 32*f - 6053. Calculate z(189).
-5
Let l(c) = -2*c**2 + 344*c - 8040. What is l(28)?
24
Let l(c) = c**3 - 32*c**2 + 31*c + 15. What is l(31)?
15
Let p(s) = 2*s**3 + 132*s**2 - 136*s - 321. What is p(-67)?
-187
Let m(w) = 158*w - 140. Give m(3).
334
Let x(l) = 162*l - 478. Give x(3).
8
Let x(b) = -4*b**2 + 111*b + 83. Give x(29).
-62
Let v(s) = 7*s + 243. Give v(-22).
89
Let o(z) = -2*z**3 - 45*z**2 - 15*z + 151. Determine o(-22).
-3
Let a(c) = -c**3 - 7*c**2 - 40*c - 125. What is a(-6)?
79
Let t(r) = 4*r**2 + 316*r - 990. What is t(-82)?
-6
Let y(g) = 2*g**3 + 8*g**2 + 20*g - 2. What is y(-3)?
-44
Let n(p) = 390*p - 42906. Calculate n(110).
-6
Let h(o) = o**2 - 45*o + 455. What is h(15)?
5
Let n(p) = p**3 - 3*p**2 - 1237*p - 4832. Give n(-4).
4
Let h(n) = -9*n - 722. Determine h(-80).
-2
Let k(l) = -1517*l + 6157. What is k(4)?
89
Let o(j) = 29*j + 15. What is o(1)?
44
Let h(l) = 2*l**3 - 25*l**2 + 3*l + 90. What is h(12)?
-18
Let q(w) = 6*w - 242. Determine q(-23).
-380
Let j(y) = 2*y**3 - 85*y**2 + 331*y - 53. Give j(4).
39
Let j(s) = -52*s + 913. Give j(11).
341
Let b(x) = -10*x**3 + 47*x**2 + 24*x - 21. Give b(5).
24
Let t(x) = 2*x**3 + 4*x**2 - 130*x - 21. Give t(-9).
15
Let w(r) = -502*r - 3510. Calculate w(-7).
4
Let n(b) = 127*b + 4068. Determine n(-32).
4
Let x(a) = -13*a**2 - 75*a - 15. Give x(-5).
35
Let h(l) = 48*l - 203. Give h(14).
469
Let a(n) = 139*n + 4039. Give a(-29).
8
Let b(l) = l**3 - 48*l**2 + 52*l - 148. Calculate b(47).
87
Let p(w) = -w**3 + 55*w**2 + 6*w - 433. Give p(55).
-103
Let h(y) = -20*y**2 - 2*y + 181. What is h(0)?
181
Let w(y) = -8*y - 1. Give w(16).
-129
Let b(w) = w**2 - 20*w - 1. Determine b(0).
-1
Let g(o) = -30*o**2 - 3240*o - 73. Calculate g(-108).
-73
Let u(f) = -13*f + 169. What is u(10)?
39
Let r(i) = 2766*i - 60856. Calculate r(22).
-4
Let v(f) = -4*f**2 - 49*f - 51. Determine v(-1).
-6
Let g(u) = -u**3 - 6*u**2 + 176*u + 17. What is g(12)?
-463
Let z(t) = t**3 + 9*t**2 + 23*t + 22. What is z(-6)?
-8
Let i(h) = 6*h**2 + 99*h + 121. Calculate i(-15).
-14
Let i(h) = h**2 - 57*h - 896. Give i(67).
-226
Let v(h) = -60*h - 1306. Calculate v(-22).
14
Let n(m) = 3*m**2 + 11*m + 6. Determine n(-5).
26
Let o(c) = -69*c - 822. Determine o(-16).
282
Let c(v) = 2*v**2 - 193*v - 8880. Give c(-34).
-6
Let u(l) = l**3 + 8*l**2 - 17*l - 30. Calculate u(-10).
-60
Let s(c) = 40*c - 449. Calculate s(12).
31
Let i(o) = -2*o**3 - 60*o**2 + 11*o + 280. What is i(-30)?
-50
Let y(o) = -o**2 + 178*o - 7013. What is y(119)?
8
Let k(u) = 183*u**2 - 209*u + 22. What is k(1)?
-4
Let p(d) = -d**3 + 12*d**2 - 3*d - 68. Determine p(-4).
200
Let j(p) = -256*p + 2700. Calculate j(11).
-116
Let y(h) = -10*h**3 - 4*h**2 + 5*h. What is y(1)?
-9
Let q(f) = 2*f**2 + 2*f + 22. Give q(5).
82
Let i(r) = -2*r**2 + 12*r + 40. Determine i(12).
-104
Let v(m) = 216*m + 3286. Determine v(-15).
46
Let w(v) = -7*v - 1506. What is w(-216)?
6
Let w(j) = j**2 + 37*j - 10410. Give w(85).
-40
Let g(l) = -2*l**2 - 35*l + 534. What is g(10)?
-16
Let x(k) = 822*k - 9851. Determine x(12).
13
Let x(w) = w**2 + 28*w + 52. What is x(-11)?
-135
Let p(b) = -3*b**2 + 95*b + 245. Determine p(35).
-105
Let c(z) = -51*z + 206. Determine c(4).
2
Let n(x) = -35*x**2 - 186*x - 187. Determine n(-1).
-36
Let r(s) = -3*s**2 - 33*s - 60. What is r(-8)?
12
Let u(m) = -11*m**3 + 2*m**2 + 19*m - 23. Calculate u(1).
-13
Let i(y) = -y**3 - 53*y**2 - 356*y + 174. What is i(-45)?
-6
Let j(z) = -34*z + 72. Determine j(12).
-336
Let t(a) = -2*a**2 - 112*a + 369. Determine t(-60).
-111
Let h(k) = 20*k + 1498. What is h(-75)?
-2
Let v(q) = -3*q**3 - 72*q**2 - 52*q - 1256. Give v(-24).
-8
Let n(r) = r**3 + 14*r**2 - 20*r + 42. What is n(-16)?
-150
Let i(n) = 74*n + 207. Give i(-6).
-237
Let m(y) = 6*y**2 - 28. What is m(3)?
26
Let o(x) = 284*x + 2534. Calculate o(-9).
-22
Let d(p) = -32*p + 67. Determine d(3).
-29
Let c(i) = -73*i - 281. Calculate c(-4).
11
Let o(c) = -2*c**2 - 138*c + 4220. What is o(23)?
-12
Let p(j) = 7*j**2 - 12*j - 12. Determine p(-4).
148
Let f(y) = -6*y**3 - 96*y**2 + 2*y + 36. Determine f(-16).
4
Let l(d) = -414*d - 58793. Give l(-142).
-5
Let r(d) = 82*d + 6642. Give r(-81).
0
Let k(u) = -3*u**3 - 34*u**2 + 173*u - 11. What is k(-15)?
-131
Let x(c) = -c**3 - 3*c**2 - 496*c - 1993. Determine x(-4).
7
Let b(n) = n**2 - 4*n - 16. What is b(6)?
-4
Let u(k) = 736*k + 579. Calculate u(-1).
-157
Let i(h) = 31*h + 323. Calculate i(-19).
-266
Let g(f) = -323*f - 11302. Determine g(-35).
3
Let v(a) = -37*a**2 - 149*a - 10. Give v(-4).
-6
Let x(g) = 1111*g + 3218. Determine x(-3).
-115
Let l(t) = -t**2 + 10045*t - 70267. Determine l(7).
-1
Let f(i) = i**2 + 41*i + 250. Determine f(-34).
12
Let k(x) = 2*x**3 + 8*x**2 + 239*x + 944. Give k(-4).
-12
Let f(l) = 20*l + 1740. Determine f(-91).
-80
Let k(u) = -u**2 - 28*u - 188. Determine k(-6).
-56
Let q(k) = -2*k**2 - 938*k - 4639. Calculate q(-5).
1
Let p(i) = 27*i**2 + 403*i - 2023. Give p(5).
667
Let v(t) = -t**2 - 15*t + 612. Determine v(-35).
-88
Let t(h) = 4*h**2 + 33*h + 36. Determine t(-11).
157
Let h(d) = -16*d + 142. Determine h(14).
-82
Let c(v) = -2*v**2 - 44*v + 96. What is c(-24)?
0
Let r(t) = -t**2 - 34*t - 183. Determine r(-24).
57
Let d(y) = y**2 + 75*y - 17217. Give d(99).
9
Let u(p) = -2*p**2 + 52*p + 329. Calculate u(-7).
-133
Let l(v) = -8*v**2 - 17*v + 13. What is l(-6)?
-173
Let k(x) = 2*x**2 - 43*x - 556. Give k(-9).
-7
Let y(w) = 12*w**2 - 25*w - 185. Determine y(-8).
783
Let v(q) = -q**2 + 29*q - 249. Determine v(22).
-95
Let m(s) = -s**3 - s**2 + 76*s + 133. Calculate m(9).
7
Let b(u) = u**3 - 8*u**2 + 30*u - 38. Determine b(2).
-2
Let c(j) = -168*j + 173. What is c(1)?
5
Let h(v) = 22*v + 31. What is h(1)?
53
Let l(t) = 587*t**2 + 68093*t + 122. What is l(-116)?
6
Let j(a) = -2*a**2 - 32*a - 49. Calculate j(-12).
47
Let d(k) = 5*k**3 + 75*k**2 - 186*k - 277. Calculate d(-17).
-5
Let q(x) = 3*x**2 + 33*x - 311. Calculate q(-17).
-5
Let t(s) = 125*s + 5583. Calculate t(-45).
-42
Let o(w) = 997*w + 4024. Determine o(-4).
36
Let t(j) = 1114*j - 1110. Calculate t(1).
4
Let i(y) = 37*y**2 + 185*y. Calculate i(-5).
0
Let r(b) = -15*b + 189. Determine r(-5).
264
Let a(m) = m**3 + 6*m**2 - 23*m + 23. Determine a(-8).
79
Let p(t) = -831*t + 5806. W